4?
23401
In base 5, what is -121033 + 2?
-121031
In base 16, what is 4 + -b6ca?
-b6c6
In base 12, what is bb835 + -1?
bb834
In base 14, what is 2d99 - 4?
2d95
In base 13, what is 146 + 678c?
6905
In base 16, what is -1 - 6107b?
-6107c
In base 8, what is -425014 - -3?
-425011
In base 10, what is -745 - -3?
-742
In base 16, what is cd15 - -40?
cd55
In base 12, what is -2a96 + 1?
-2a95
In base 8, what is -5 + -11720?
-11725
In base 15, what is 517b - -2?
517d
In base 14, what is 0 - 5223?
-5223
In base 5, what is -214313 - -31?
-214232
In base 10, what is 4 + 4836?
4840
In base 4, what is 113133 - 12110?
101023
In base 12, what is 8972 - 3?
896b
In base 3, what is 2021121212112 - 11?
2021121212101
In base 16, what is -4c0f + 85?
-4b8a
In base 6, what is -1 - 325213?
-325214
In base 7, what is 26 + 14044?
14103
In base 12, what is -59740 + 26?
-59716
In base 9, what is -110 + 137?
27
In base 7, what is -14 - -350?
333
In base 14, what is 153c7 + 15?
153dc
In base 11, what is -5a03 - -27?
-5987
In base 3, what is 20222120 + -112?
20222001
In base 4, what is 22010122 + -332?
22003130
In base 3, what is -101200 + 10011?
-21112
In base 9, what is 37 + -6152?
-6114
In base 5, what is -123 + 30110?
24432
In base 16, what is -75d93 - 8?
-75d9b
In base 6, what is 54 + -401332?
-401234
In base 14, what is 4 - 6708a?
-67086
In base 15, what is 24 - 38c?
-368
In base 15, what is 93 + 129?
1bc
In base 14, what is 4 - 143829?
-143825
In base 12, what is 6983 - -9?
6990
In base 7, what is 13 - -12431?
12444
In base 7, what is 2661551 - 0?
2661551
In base 4, what is 313010123 + -1?
313010122
In base 16, what is -2 + -1f27?
-1f29
In base 7, what is 5 - 54626?
-54621
In base 12, what is 49aa3 + -2?
49aa1
In base 7, what is 1053004 - -2?
1053006
In base 12, what is 860 + -7?
855
In base 7, what is 424 + 1634?
2361
In base 10, what is 9658 - 1?
9657
In base 11, what is 11 - 14a46a?
-14a459
In base 13, what is -16c - -3706?
3567
In base 5, what is -41 - -4324400?
4324304
In base 7, what is 15330 + -202?
15125
In base 4, what is 2 - 12130333?
-12130331
In base 7, what is -142 - -42640?
42465
In base 10, what is 179630 - 2?
179628
In base 5, what is 1304 + 44?
1403
In base 12, what is 6 - 844?
-83a
In base 6, what is -125435421 + -5?
-125435430
In base 7, what is 3265164 - 1?
3265163
In base 5, what is -442113 + 4?
-442104
In base 7, what is 26660 - 3?
26654
In base 2, what is 101 + -110111110101010?
-110111110100101
In base 3, what is -1101201221 + -12000?
-1101220221
In base 15, what is 1 - -7dc?
7dd
In base 13, what is -5 - 132401?
-132406
In base 6, what is 5402 + -220?
5142
In base 8, what is 5 - 2123131?
-2123124
In base 8, what is -31452 + -73?
-31545
In base 6, what is -1430240 + 4?
-1430232
In base 16, what is 25e + -5a?
204
In base 13, what is 1979 - -10?
1989
In base 6, what is -1544 - -12042?
10054
In base 8, what is 63105562 + -2?
63105560
In base 4, what is 33033212301 + -2?
33033212233
In base 9, what is 455 - 451?
4
In base 11, what is -71 + 93?
22
In base 13, what is 2 - 1bb47?
-1bb45
In base 4, what is -2310 + -123?
-3033
In base 9, what is -4 + 221871?
221866
In base 3, what is -10112120 + -122?
-10120012
In base 13, what is 554 - 3aa?
177
In base 16, what is 2 + -141d9?
-141d7
In base 12, what is 6 - -212a4?
212aa
In base 16, what is 2 + -3be07?
-3be05
In base 15, what is -5 - 3028?
-302d
In base 6, what is -1111031 - 215?
-1111250
In base 12, what is -1a839 + 1?
-1a838
In base 16, what is 50 + 12?
62
In base 8, what is 5343132 - 4?
5343126
In base 14, what is 9328 + -5?
9323
In base 11, what is -4 + 117a9?
117a5
In base 6, what is -3 - -145055?
145052
In base 15, what is 1c + -2413e?
-24122
In base 15, what is -3b + 12be6?
12baa
In base 11, what is -21 - -3583?
3562
In base 7, what is 216006 - 10?
215666
In base 14, what is -4 + 20da8?
20da4
In base 8, what is 713775 - -1?
713776
In base 8, what is 23 - -442?
465
In base 12, what is -39868 - -4?
-39864
In base 4, what is 2 - -1331003220?
1331003222
In base 13, what is -2a6 - -4cb?
225
In base 13, what is -c - -60789?
6077a
In base 16, what is acfeb - 3?
acfe8
In base 11, what is -34 + -1a?
-53
In base 3, what is -20001 - -11100?
-1201
In base 5, what is -40 - 142101?
-142141
In base 12, what is 1 - -585a?
585b
In base 11, what is 0 + -254181?
-254181
In base 4, what is 1 - 3112003?
-3112002
In base 2, what is -11 + -1110111110100110101?
-1110111110100111000
In base 8, what is 22206 + 35?
22243
In base 5, what is -1032102 - -44?
-1032003
In base 8, what is -352 + 7171?
6617
In base 14, what is -4 + -116a?
-1170
In base 12, what is -60 - -4140?
40a0
In base 3, what is -120110 + 2022120?
1202010
In base 2, what is 111110001 + 10011?
1000000100
In base 13, what is 7 - 13abb?
-13ab4
In base 9, what is 28 - -101540?
101568
In base 12, what is -18453 + 5?
-1844a
In base 16, what is 6384f - 0?
6384f
In base 16, what is -388 + 3?
-385
In base 16, what is 473c - 80?
46bc
In base 5, what is 10 + -121042?
-121032
In base 15, what is 30 - 2c1?
-291
In base 13, what is -1 + -a67aa?
-a67ab
In base 4, what is -2 + -1123113210?
-1123113212
In base 5, what is 1 - 1134114?
-1134113
In base 6, what is 201525 - 12?
201513
In base 11, what is -40110 + 3?
-40108
In base 3, what is 102 - -1121020011?
1121020120
In base 8, what is -1553260 + -1?
-1553261
In base 5, what is 220203 + -232?
214421
In base 15, what is -2 + 15b51e?
15b51c
In base 4, what is -200311 + -3211?
-210122
In base 3, what is 12 + -120010000001?
-120002222212
In base 14, what is 7 + 1017?
1020
In base 14, what is -3dd7c - -2?
-3dd7a
In base 14, what is -1b - -12d50?
12d33
In base 5, what is 3314 + -132?
3132
In base 3, what is 2001 - -20112110?
20121111
In base 16, what is -62664 - 3?
-62667
In base 6, what is -200254 + -42?
-200340
In base 9, what is -3 - -4030?
4026
In base 4, what is 123330 - 31?
123233
In base 16, what is 64 + 287?
2eb
In base 16, what is -426e - -1?
-426d
In base 15, what is -56a05 + 1?
-56a04
In base 3, what is -10 + -2100211102?
-2100211112
In base 13, what is 90a - -4?
911
In base 15, what is 2d81 - -1?
2d82
In base 7, what is 62 + 1140?
1232
In base 15, what is 6 - 39acd?
-39ac7
In base 10, what is -20484 - -18?
-20466
In base 16, what is 9ad8 - 10?
9ac8
In base 16, what is 1c3 + 58?
21b
In base 2, what is 101 - -1110001111100?
1110010000001
In base 16, what is 1f07 + -c?
1efb
In base 14, what is -88d60 - 3?
-88d63
In base 6, what is -45522121 + -5?
-45522130
In base 5, what is 211 - -401421?
402132
In base 16, what is da + -14a?
-70
In base 16, what is 4c3 - 3c?
487
In base 3, what is -12 + -12122201222?
-12122202011
In base 7, what is -22131 + -264?
-22425
In base 7, what is 506 - 620?
-111
In base 13, what is 10 - 172b45?
-172b35
In base 14, what is 88b175 + 0?
88b175
In base 13, what is 25405a - 1?
254059
In base 14, what is -1a52b + 4?
-1a527
In base 2, what is -100100011101001101101 - 100?
-100100011101001110001
In base 15, what is -5 - b88?
-b8d
In base 16, what is a2 + -153?
-b1
In base 15, what is 6 - aa2be?
-aa2b8
In base 8, what is -106 - -11451?
11343
In base 10, what is 3861 - 415?
3446
In base 4, what is 2 + -12213113?
-12213111
In base 3, what is -1000222011122 + -10?
-1000222011202
In base 12, what is -4419 + 14?
-4405
In base 16, what is -49 - -45f?
416
In base 9, what is 2 - 22412?
-22410
In base 14, what is 26 - 5d16?
-5cd0
In base 6, what is -51 - -3004?
2513
In base 14, what is 189398 - 1?
189397
In base 7, what is 552 - 212?
340
In base 15, what is -5 - 32ed?
-3303
In base 16, what is -62 - -1?
-61
In base 11, what is 127 - 9476?
-934a
In base 4, what is -3 - -3113221?
3113212
In base 3, what is 10211 - 20022?
-2111
In base 12, what is 13 - 302?
-2ab
In base 2, what is 1010111100 - 111111111?
10111101
In base 5, what is 13322 + 323?
14200
In base 6, what is 3 - 35544033?
-35544030
In base 16, what is -1ff84 + 0?
-1ff84
In base 9, what is -251528 - 16?
-251545
In base 16, what is -b3625 - -5?
-b3620
In base 8, what is -2026 - -22?
-2004
In base 3, what is -22 - 21022012?
-21022111
In base 13, what is 2a46 - -32?
2a78
In base 13, what is -456 - -5a?
-3c9
In base 10, what is 4610 + 136?
4746
In base 16, what is -5 + -5d116?
-5d11b
In base 15, what is 12e + -25?
109
In base 15, what is -b6d + -2?
-b70
In 